t v(l) = 8 - l**3 + 19 - 2*l + 0. What is the tens digit of v(m)?
2
Suppose 773683 = 63*d - 52*d + 282390. What is the tens digit of d?
6
Suppose -7*j + 1633 = -201. Let n = j - 217. What is the tens digit of n?
4
Let d be 6 - (2 + 6/(-6)). Suppose z = y - 329, -8*y + d*y + 971 = 5*z. What is the units digit of y?
7
Let i(m) be the second derivative of -17*m**5/10 + m**4/12 - m**3/3 + m**2 - m. Let c be i(1). Let a = c - -55. What is the tens digit of a?
2
Let v(l) = -587*l + 31. What is the thousands digit of v(-6)?
3
Let k(y) = 57*y. Let r be k(1). Let a be (2/3 - -1)/((-210)/(-756)). Suppose 0 = 7*q - a*q - r. What is the tens digit of q?
5
What is the ten thousands digit of (431723/(-290))/(3/(-30))?
1
Let s = 17 - -1. Let a = -20 + s. What is the tens digit of 2 + a + -4 + 2 + 14?
1
Let z(u) be the first derivative of 24*u**3 + 15*u**2/2 + 26*u - 149. What is the hundreds digit of z(-2)?
2
Let w(x) = 3*x**2 + 6*x - 10. Let o(p) = -27*p. Let y be o(-1). Let b = -22 + y. What is the units digit of w(b)?
5
Let t = 3245 + 7687. What is the ten thousands digit of t?
1
Suppose -140*l + 142*l - 5*p = 42895, 2*p - 107252 = -5*l. What is the ten thousands digit of l?
2
Let u(w) = 8553*w - 8737. What is the hundreds digit of u(7)?
1
Let u(i) = -3*i + 11. Let a(j) = 9*j - 32. Let f(q) = 2*a(q) + 7*u(q). Suppose 5*h = 7*s - 12*s - 95, 1 = -h. What is the tens digit of f(s)?
6
Let s(k) = 24 - 2*k**2 - 14*k - 19*k - 38*k. What is the hundreds digit of s(-22)?
6
Suppose l = 2*p - 1127, 4*p = 8*p + 7*l - 2209. Suppose -19*h + 4304 = p. What is the tens digit of h?
9
What is the units digit of (-580624)/(-48)*3 - (1 + (-3 - -10))?
1
Suppose -341*f + 329*f + 16931 + 3469 = 0. What is the tens digit of f?
0
Let h = 27966 + -7691. What is the units digit of h?
5
Let y(t) = -202*t**2 - 2*t + 18745. What is the units digit of y(0)?
5
Suppose -2*s + 20 = -4*s - u, 4*s + 4*u = -44. Let j = 64 + s. Let d = j + -46. What is the units digit of d?
9
Let n be (-1)/((-28)/12 - (-1 + -1)). Suppose -n*u + 3*b = -423, 2*b + 1 = b. What is the units digit of u?
0
Let h(t) = -6*t + 115. Let u be h(21). Let q(s) = -47*s - 43. What is the units digit of q(u)?
4
Let p = -62 - -149. Suppose -2022 = -18*y + 174. Let r = y - p. What is the tens digit of r?
3
Suppose 12*i - 24284 = 68381 + 28223. What is the thousands digit of i?
0
Let w be (5 - -18) + -2 + 2. Suppose 0 = -5*h + 5, -2*c + 22*h + 1929 = w*h. What is the units digit of c?
4
Let d be 2*((-195)/(-10) + -4). Let w = d + -25. What is the units digit of -2*(w/(-39) + (-880)/26)?
8
Suppose -8*g + 3*g - 2*m = -25, 2*m + 5 = 5*g. Suppose -357 = -2*u - t, -g*t - 369 = u - 3*u. What is the tens digit of u?
8
What is the tens digit of (-36251 - 7)/(-1 - 2)?
8
What is the hundreds digit of (-263)/1*10/(-6)*(256 - 190)?
9
Let h = 8104 + 2413. What is the units digit of h?
7
Let d = -115 - -881. Let c = d - -628. What is the thousands digit of c?
1
Let r be ((-19)/((-570)/(-100)))/(4/(-6)). Suppose -r*d - 539 = -1779. What is the tens digit of d?
4
Let u(d) = 2*d - 34. Let i be 21/1 - (5 - 1). Let z be u(i). Suppose 3*t + 5*t - 1000 = z. What is the tens digit of t?
2
Suppose 11*i - 268432 = -7*i + 94898. What is the tens digit of i?
8
Let x = -122 + 224. Let a = 107 - x. Suppose -1330 = -a*p - z, 0*p - 3*p - z = -796. What is the tens digit of p?
6
Let h(o) = 3*o**2 - 6*o - 5. Let f be h(-4). Suppose 0 = 14*z - f + 11. Suppose 0*a - 4*a = z*i - 248, 0 = 2*i - 4. What is the tens digit of a?
6
Let q = -85 + 16. Let x be ((-46)/q)/(1 + 41/(-39)). What is the units digit of x/3*9/(-2 + -1)?
3
Suppose 4*y - 13748 = 4*l, 13741 = 28*y - 24*y + 3*l. Let c = -1974 + y. What is the thousands digit of c?
1
Suppose 0 = 3*v + 4*h + 2074, 3*v + v + 2797 = h. Let w = v + 1444. What is the hundreds digit of w?
7
Suppose -s = y - 2 - 2, 0 = -2*s + 2*y + 4. Suppose -4*h = 3*t - 3060, s*t + 2*h = -t + 4080. What is the tens digit of (3*4/(-8))/((-9)/t)?
7
Let s(l) be the third derivative of 19*l**5/60 + l**4/24 - 10*l**3/3 - 90*l**2. What is the units digit of s(-5)?
0
Let w(j) = 159*j + 4330. What is the tens digit of w(0)?
3
Let p(t) = 5*t**2 - 2*t - 26. Let x(b) = b**3 - 11*b**2 + 10*b + 5. Let u be x(10). Suppose 4*f - 30 = -2*n, 0 = -n - f + 5 + u. What is the tens digit of p(n)?
8
Suppose 20*l - 69831 = 273649. What is the ten thousands digit of l?
1
Let s(u) = 2753*u**2 - 32*u + 22. What is the thousands digit of s(-3)?
4
What is the tens digit of (-9 + (-85)/(-10))/((-1)/30288)?
4
Suppose -3*d - 24 = -6, b - 2*d = 22652. What is the hundreds digit of b?
6
Suppose -724466 + 283592 - 933646 = -70*l. What is the units digit of l?
6
Let l(n) = 6*n + 7. Let f(x) = x**2 + 23*x + 28. Let z(d) = 2*f(d) - 9*l(d). Let h be z(-4). Suppose 9*y - 10*y = -h. What is the tens digit of y?
5
Suppose 54076 = 3*y + 4*o, 2*o + 3*o - 90130 = -5*y. What is the ten thousands digit of y?
1
Let m = -6646 - -14208. What is the units digit of m?
2
Let j = 42806 - 26192. What is the tens digit of j?
1
Let p = -172 + 503. Suppose p = 6*o - 173. Suppose -2*i + 96 = -d, -22 - o = -2*i - 4*d. What is the units digit of i?
9
Suppose -15 = -f - 2*f. Let u(v) = -812*v - 12158. Let l be u(-15). Suppose 2*b = 2*c - l, f*c - 6*c + 23 = -4*b. What is the units digit of c?
7
Let o(z) = -126*z**3 - 5*z**2 - 5*z - 6. Let k be o(-3). Suppose -4*s + 1502 = -k. What is the thousands digit of s?
1
Suppose 13*x - 8*x - 61478 = -2*s, -3*x = 2*s - 36890. What is the hundreds digit of x?
2
Let d = -204 + 208. What is the units digit of 1166/d + (-35)/10 + 4?
2
Let t(w) = w**2 + 10*w - 11. Let y(q) = -3*q**2 - 9*q + 9. Let u(c) = -6*t(c) - 5*y(c). What is the hundreds digit of u(12)?
1
Let j be 9/5*(14 - 48/12). Suppose -6*n - 4224 = -j*n. What is the tens digit of n?
5
Let q = 9575 + 5191. What is the thousands digit of q?
4
Let b = 35266 + 9125. What is the ten thousands digit of b?
4
Let b(m) = m**3 - 15*m**2 + 28*m + 14. Suppose 0 = -4*t + t + 3*v + 24, 72 = 5*t + 3*v. Let o be b(t). Let s = o - -186. What is the hundreds digit of s?
1
What is the tens digit of 22 - (19 - 22 - 66374)?
9
Suppose 34*j = 30*j + 80. Suppose -5*x = j, -2*h + 497 = 2*x - 593. What is the tens digit of h?
4
Suppose 4*s = 86 - 6. Suppose -23*v = -s*v - 9. Suppose -5*g - 802 = -4*f, 0*f = -f - v*g + 209. What is the tens digit of f?
0
Let w = 235 - 219. Let o(j) = -j**3 + 19*j**2 - 33*j + 32. What is the units digit of o(w)?
2
Let y be 53 + -53 - -23*1. Suppose -84*i = -y*i - 42212. What is the units digit of i?
2
Let u = 17262 - -7925. What is the units digit of u?
7
Let n(y) = 1274*y**2 - 434*y - 2609. What is the hundreds digit of n(-6)?
8
Let f = 10845 - 3822. What is the units digit of f?
3
Suppose -16*r - 10678 = -3830. Let q = r + 802. What is the hundreds digit of q?
3
Suppose 3*h - 17*h + 6*h = -31272. What is the units digit of h?
9
What is the tens digit of (7*14/(-98))/(2/(-16884))?
4
Let s(c) = -3*c**2 + 5*c. Let a be s(2). Let i be (-3)/a*4 + (-14 - -15). Suppose 4*h + 44 = o + i*h, -5*h + 148 = 4*o. What is the tens digit of o?
3
What is the hundreds digit of 63836/24*(13 - 7)?
9
What is the thousands digit of (-42512)/(-6) + 684/1026?
7
Let w be -1*24/(-4) - 4. Let k(m) = 260*m - 1. Let t be k(-1). What is the tens digit of 1*w*t/(-6)?
8
Suppose -5*h + 3531 - 811 = 0. Suppose -z = a - 13 - 365, -2*z + 2*a + 776 = 0. Let g = h - z. What is the tens digit of g?
6
Let i = -561 + 585. Suppose 4*x + 5154 = 2*f, 3*x - 5*f = x - 2565. What is the units digit of i/(-14) - -2 - x/42?
1
Suppose -53404 = -4*j - 5*y, -5*y = -j + 9331 + 3995. What is the ten thousands digit of j?
1
Let v(z) = 10*z**3 + 11*z**2 - 58*z - 10. What is the units digit of v(5)?
5
Let w(c) = -93*c + 42. Let a = -148 + 143. What is the units digit of w(a)?
7
Suppose 18*c - 72416 - 165484 = -60*c. What is the units digit of c?
0
Suppose 0 = -2*n + 4*j + 3728, 10*j + 3716 = 18*n - 16*n. What is the thousands digit of n?
1
Suppose -145*j + 150*j + 5*d = 23410, -3*j = -3*d - 14070. What is the units digit of j?
6
Let v = 83 - 94. What is the hundreds digit of 2/(-7) - ((-13835)/35 + v)?
4
Suppose 4*f + 2 = 2*m, -2*m = -f + 4 - 6. Suppose f = 12*p + 3*p - 3405. What is the hundreds digit of p?
2
Let s(w) = -2*w**3 - 2*w**2 - 12*w 